n thousands digit of 130285504?
8
What is the ten millions digit of 9308338507?
0
What is the millions digit of 203333971?
3
What is the ten millions digit of 41403242?
4
What is the ten thousands digit of 85823501?
2
What is the ten thousands digit of 524061570?
6
What is the ten millions digit of 1263289765?
6
What is the ten thousands digit of 944153056?
5
What is the units digit of 1448107002?
2
What is the tens digit of 367111494?
9
What is the ten thousands digit of 1416283873?
8
What is the units digit of 243790687?
7
What is the tens digit of 455129233?
3
What is the hundred thousands digit of 79282820?
2
What is the units digit of 45067507?
7
What is the ten thousands digit of 3166571?
6
What is the ten thousands digit of 307417214?
1
What is the tens digit of 18661842?
4
What is the millions digit of 206742410?
6
What is the thousands digit of 3091135448?
5
What is the thousands digit of 147711819?
1
What is the hundred thousands digit of 182964879?
9
What is the ten thousands digit of 18811968?
1
What is the millions digit of 675899789?
5
What is the thousands digit of 3198282635?
2
What is the billions digit of 1601979861?
1
What is the hundreds digit of 926432422?
4
What is the hundred thousands digit of 192875596?
8
What is the tens digit of 70314948?
4
What is the ten thousands digit of 43023457?
2
What is the hundreds digit of 63453915?
9
What is the ten thousands digit of 1156043250?
4
What is the tens digit of 426867527?
2
What is the tens digit of 2036264175?
7
What is the tens digit of 868634283?
8
What is the hundreds digit of 165447182?
1
What is the hundred thousands digit of 2441827122?
8
What is the ten millions digit of 759555992?
5
What is the hundred thousands digit of 38756410?
7
What is the hundred millions digit of 2121576773?
1
What is the ten millions digit of 102658586?
0
What is the units digit of 601042383?
3
What is the hundred thousands digit of 33222185?
2
What is the hundred thousands digit of 63841386?
8
What is the ten thousands digit of 335378891?
7
What is the hundred thousands digit of 113578043?
5
What is the hundred thousands digit of 20800204?
8
What is the units digit of 23087935?
5
What is the hundred thousands digit of 242591583?
5
What is the tens digit of 778722241?
4
What is the millions digit of 32964234?
2
What is the hundred millions digit of 2325512862?
3
What is the hundred millions digit of 4689016138?
6
What is the tens digit of 373808046?
4
What is the units digit of 2821873327?
7
What is the hundreds digit of 6913470?
4
What is the hundred thousands digit of 153979296?
9
What is the hundred thousands digit of 2034556690?
5
What is the hundred thousands digit of 1738800928?
8
What is the thousands digit of 124989540?
9
What is the millions digit of 5093666008?
3
What is the tens digit of 36398006?
0
What is the hundreds digit of 93153517?
5
What is the ten millions digit of 146792848?
4
What is the units digit of 744208402?
2
What is the millions digit of 1999627486?
9
What is the hundred millions digit of 270661367?
2
What is the hundred thousands digit of 107098048?
0
What is the tens digit of 218196631?
3
What is the hundred thousands digit of 165199776?
1
What is the ten thousands digit of 87235258?
3
What is the hundred thousands digit of 17910783?
9
What is the units digit of 159108749?
9
What is the thousands digit of 763773592?
3
What is the hundreds digit of 128189668?
6
What is the ten millions digit of 3265600026?
6
What is the millions digit of 1348825341?
8
What is the ten thousands digit of 120586894?
8
What is the hundred thousands digit of 2538525255?
5
What is the thousands digit of 16356412?
6
What is the hundreds digit of 3457493254?
2
What is the hundred millions digit of 324152840?
3
What is the units digit of 395447480?
0
What is the hundred thousands digit of 8933959?
9
What is the units digit of 34827150?
0
What is the units digit of 2530553595?
5
What is the tens digit of 245074550?
5
What is the ten millions digit of 979817124?
7
What is the ten thousands digit of 17365486?
6
What is the hundreds digit of 101734028?
0
What is the hundred thousands digit of 38105256?
1
What is the thousands digit of 130902715?
2
What is the tens digit of 428744942?
4
What is the ten millions digit of 77916553?
7
What is the ten thousands digit of 116506449?
0
What is the thousands digit of 1963390106?
0
What is the hundreds digit of 5303055?
0
What is the hundred thousands digit of 87826666?
8
What is the units digit of 358215278?
8
What is the hundred thousands digit of 3200673?
2
What is the thousands digit of 104317048?
7
What is the ten thousands digit of 162322282?
2
What is the units digit of 5381642888?
8
What is the billions digit of 1753376255?
1
What is the millions digit of 30653635?
0
What is the hundreds digit of 83279205?
2
What is the units digit of 82697270?
0
What is the hundred thousands digit of 26159638?
1
What is the ten thousands digit of 194638115?
3
What is the ten thousands digit of 66258593?
5
What is the units digit of 30676434?
4
What is the thousands digit of 3672225173?
5
What is the hundred thousands digit of 207082949?
0
What is the units digit of 912045351?
1
What is the units digit of 294106640?
0
What is the hundred thousands digit of 12400705?
4
What is the hundreds digit of 978424257?
2
What is the thousands digit of 64238539?
8
What is the thousands digit of 227049018?
9
What is the hundreds digit of 159695039?
0
What is the tens digit of 42538215?
1
What is the tens digit of 732756167?
6
What is the hundred thousands digit of 1611551274?
5
What is the hundred thousands digit of 8685129?
6
What is the hundred millions digit of 1099128913?
0
What is the millions digit of 354600881?
4
What is the thousands digit of 908414330?
4
What is the thousands digit of 215742241?
2
What is the tens digit of 4690138521?
2
What is the hundred thousands digit of 457194060?
1
What is the ten millions digit of 197960095?
9
What is the units digit of 4698833384?
4
What is the billions digit of 1981436464?
1
What is the millions digit of 637148292?
7
What is the ten thousands digit of 3543630948?
3
What is the thousands digit of 673567762?
7
What is the units digit of 102160197?
7
What is the thousands digit of 218197571?
7
What is the thousands digit of 54287585?
7
What is the hundreds digit of 2304041704?
7
What is the tens digit of 1832814789?
8
What is the units digit of 1035235447?
7
What is the ten thousands digit of 223453361?
5
What is the hundreds digit of 64013186?
1
What is the millions digit of 1618320931?
8
What is the hundreds digit of 934534821?
8
What is the millions digit of 3061769646?
1
What is the tens digit of 66549135?
3
What is the millions digit of 26761434?
6
What is the tens digit of 151388408?
0
What is the units digit of 8554628?
8
What is the hundreds digit of 93201812?
8
What is the tens digit of 223410845?
4
What is the tens digit of 18763908?
0
What is the ten thousands digit of 138819848?
1
What is the billions digit of 2295733853?
2
What is the ten millions digit of 2775445772?
7
What is the ten thousands digit of 770532177?
3
What is the tens digit of 703320091?
9
What is the hundred millions digit of 175186293?
1
What is the ten millions digit of 50415868?
5
What is the units digit of 470926596?
6
What is the units digit of 245318434?
4
What is the ten thousands digit of 37632660?
3
What is the millions digit of 14046382?
4
What is the billions digit of 1682805302?
1
What is the hundred thousands digit of 1545697994?
6
What is the ten thousands digit of 107235031?
3
What is the thousands digit of 26794341?
4
What is the hundred thousands digit of 5245277?
2
What is the ten millions digit of 144044788?
4
What is the thousands digit of 6209043126?
3
What is the tens digit of 497659592?
9
What is the ten thousands digit of 288859504?
5
What is the hundred thousands digit of 278646179?
6
What is the hundred millions digit of 217354833?
2
What is the millions digit of 1490502?
1
What is the hundreds digit of 31959537?
5
What is the units digit of 37855802?
2
What is the thousands digit of 760856451?
6
What is the millions digit of 309686106?
9
What is the thousands digit of 1098195856?
5
What is the ten thousands digit of